123, -q - 33 = -2*p - 5*c. What is the tens digit of p?
4
Let x be (-8)/52 - (-134)/26. Suppose 2*n - 50 = -4*y, x*n + y = 3*y + 185. Let t = n - -3. What is the tens digit of t?
3
Suppose 5 = -3*h - 4*w, 12*h - w - 30 = 7*h. Suppose -j = -4*n - 30, 177 = h*j - 2*n + 27. What is the units digit of j?
0
Let s = 17 + -23. Let t = 49 - s. What is the units digit of t?
5
Suppose 12*p - 13875 = 3837. What is the thousands digit of p?
1
Let l = -41 + 40. What is the tens digit of (0 - (l - -3)) + (1 - -295)?
9
Suppose q + 1519 = 4*f, -6*q = f - 4*q - 373. Suppose -f - 101 = -10*z. What is the tens digit of z?
4
Let b = 36 + -36. What is the tens digit of (b + 96/9)*45/10?
4
Suppose 0 = -54*q + 49*q + 810. What is the hundreds digit of q?
1
Let a(k) = -4*k**2 + k - 3. Let w(v) = 2*v**2 + 2. Let g(d) = 4*a(d) + 9*w(d). What is the units digit of g(5)?
6
Let n(x) = 3*x**2 + 15*x + 7. Let m be n(-5). Suppose 345 = m*z - 2*z. What is the tens digit of z?
6
Let y(m) = -3*m**3 + 4*m**2 + 14*m - 2. What is the tens digit of y(-5)?
0
Suppose -5*a + 12 = -13. Suppose a*u = 4*b - 120, -5*u = b - 0*b - 5. What is the tens digit of 55/(-2)*(-40)/b?
4
Let o be 1/((-16)/6 - -3). Suppose 0 = n + o - 1. What is the tens digit of (21/9)/(n/(-30))?
3
Let a = -38 - -15. Let d = 94 + a. What is the units digit of d?
1
Suppose 3*t - 4*t - 4*i - 8 = 0, 10 = 3*t - 5*i. Let z be 2 - -150 - (-1 + 3). Suppose t*f = 3*f - z. What is the units digit of f?
0
Suppose -5*p + 1692 = x, -2*p - 2887 = -2*x + 533. What is the thousands digit of x?
1
Let o(c) be the third derivative of -c**6/30 + c**5/30 + c**4/6 + c**3/6 + c**2. Let a be (1/(3/9))/(-1) - -1. What is the units digit of o(a)?
3
Let l = -924 + 2592. What is the units digit of l?
8
Suppose 1960*l + 646 = 1962*l. What is the hundreds digit of l?
3
Let v = -1 - -1. Let r = -656 - -660. Suppose -2*o + r*p + 128 = 4, 4*o - p - 255 = v. What is the units digit of o?
4
Let s(f) = -f**3 + 2*f**2 + 3*f + 2. Let i be s(3). Suppose -2 = m - i*m. Suppose 2*h = m*r - 56, 0 = 5*h - 1 + 6. What is the tens digit of r?
2
Suppose 0 = -4*m - 3*m - 2303. Let y = -234 - m. What is the tens digit of y?
9
Suppose 0 = 3*o + 15, 4*p = -p - 4*o + 2130. What is the units digit of p?
0
Suppose -10*y + 2763 = -1637. What is the tens digit of y?
4
Let o be 4/2 - 2 - 0/3. Let t be (-1 + 0)/((-2)/(-2)). What is the units digit of t - (-35 + -3) - o?
7
Let s(z) = -2 - 5*z - 28*z + 1 + 31. What is the tens digit of s(-8)?
9
Let m = -17 - -20. Suppose 4*t + 223 = -x, 5*t - m*x + 282 = -x. Let y = -28 - t. What is the tens digit of y?
2
Let x(w) be the second derivative of -5*w**3/2 - 5*w - 2. Let l(g) = g - 2. Let n be l(0). What is the tens digit of x(n)?
3
What is the tens digit of (-40)/(-100)*(0 + (-3265)/(-2))?
5
Let s = -617 - -1050. What is the hundreds digit of s?
4
Let v = -255 - -472. What is the tens digit of v?
1
Let n = -49 - -52. Suppose -n*k + 302 = 74. What is the units digit of k?
6
Suppose 4*j + 3*s = 5 - 22, -4*j + 4 = -4*s. Suppose -m + 2 = f, -f + 0*m = 2*m. What is the units digit of j/f*-28 + -1?
3
Let p(z) = 2*z**3 + z**2 + 10*z - 4. What is the thousands digit of p(10)?
2
Suppose 2*q - 10*k - 1403 = -11*k, -1415 = -2*q - 5*k. What is the units digit of q?
0
Suppose -46*y + 2418 = -44*y. What is the thousands digit of y?
1
Suppose -15*c = -12*c - 36. Suppose -3*u + c + 24 = 0. What is the units digit of u?
2
Let v be (9/15)/(1/(-5)). What is the tens digit of ((-1)/v)/((-4)/(-768))?
6
Let y(i) = -i**3 - 3*i**2 + 5*i - 15. Let j be (36/(-8))/((-9)/(-12)). What is the units digit of y(j)?
3
Let p(l) = l**3 - 8*l**2 - 21*l - 17. Let d be p(19). Suppose -11*n - 981 = -d. What is the hundreds digit of n?
2
Suppose 2 + 1 = h. Let b(p) = 3*p**3 - p**2 - p - 2. What is the tens digit of b(h)?
6
Let p = -79 - -84. Suppose -5*j + 1 = -9, p*m + 2*j = 1034. What is the units digit of m?
6
Suppose -4*g + 3*g = -190. Suppose b + 2*l + g = 3*b, -5*l = 2*b - 176. What is the units digit of b?
3
Suppose 4*w + 4 + 2 = -2*d, 4*d = -4. Let y be 0/(3 + w) - -3. Let f(i) = i**3 - 2*i**2 + 3. What is the units digit of f(y)?
2
Let s = 22 - 12. Let v(z) = 2*z**2 - 18*z + 5. What is the tens digit of v(s)?
2
Suppose 2*i = -5*m + 7, 2*i + 2*i - 2*m + 46 = 0. Let c(o) = -8*o + 138. Let x be c(15). What is the tens digit of (x/12)/(i/(-228))?
3
Let j(z) = -z**3 + 7*z**2 + 9*z - 12. Let i be j(9). Let u = 174 + i. What is the units digit of u?
1
What is the units digit of ((-6)/(-18))/(-1*(-1)/3)?
1
Suppose -4*v = -4*y + 1208, -5*y - 119 = -v - 1625. What is the tens digit of y?
0
Let l be (3/(-3) + 2)*107. Suppose -4*j = -l + 7. Suppose 0 = -2*m + 6*m, -5*p = -3*m - j. What is the units digit of p?
5
Suppose 0*w + 4*p = -2*w + 16, 10 = w + 4*p. Suppose -w = -2*c - c. What is the units digit of 378/9*c/3?
8
Let h(j) = 8*j**2 + 31*j - 41. What is the thousands digit of h(-24)?
3
Suppose 3*d - 8 = 4. Suppose i - 5*v = -7 + 37, -2*v = -5*i + 35. Suppose -i*g = -d*s - 286, -4*g + s + 274 = g. What is the tens digit of g?
5
Let z be (-4 - -1)*55/(-33). Suppose 20 = -3*o - 4*s, -z*o + 0 - 14 = -3*s. What is the tens digit of (1/o)/(7/(-308))?
1
Suppose 3*n - 9 = -45. What is the units digit of n/(5/7 - 1) - 1?
1
Let m(k) be the second derivative of k**4/6 - k**3/6 + k. Let v(c) = c**2 - 13*c + 23. Let l be v(11). What is the units digit of m(l)?
1
Let x = -160 + 34. Let z = x - -225. Suppose b + 3*m - 19 - 12 = 0, m - z = -5*b. What is the tens digit of b?
1
Let u be -1*(-5*2 - -3). Let y be 17/u - 30/70. Suppose 0 = 4*n - y*n - 22. What is the units digit of n?
1
Let k = -17 + -64. What is the units digit of k/4*176/(-33)?
8
What is the units digit of ((-1)/3)/(7 - (-52296)/(-7470))?
5
What is the tens digit of (-28)/(-21) - (-201)/9*110?
5
Suppose -22*y + 19*y = -81. What is the tens digit of y?
2
Let l(p) = p. Let a(h) = h**2 - 3*h - 15. Let w(q) = a(q) - 2*l(q). What is the units digit of w(11)?
1
Let g = -2016 - -3104. What is the tens digit of g?
8
Let v(p) = -2*p**2 + 2*p. Let d be v(1). Suppose 3*k + 129 - 393 = d. What is the tens digit of k?
8
Suppose 0 = 4*u - 221 + 25. Let x(p) = -p**2 - 16*p - 29. Let d be x(-11). Let t = u - d. What is the tens digit of t?
2
What is the tens digit of 2864 + 60/(5 - 10)?
5
Suppose -4*i + 3*l + 2*l + 191 = 0, 0 = -4*l - 12. Let c = -1343 + 1334. Let g = i + c. What is the units digit of g?
5
Let q(a) be the third derivative of 13*a**4/24 - a**3/6 - 3*a**2. Let g = -2 - -3. What is the units digit of q(g)?
2
Let n = 30 + -20. Let c = 8 - n. What is the tens digit of c/(4/(-90)) + -2?
4
Let a(d) = -7*d - 17. What is the hundreds digit of a(-23)?
1
Let i(n) be the first derivative of n**4/6 + 2*n**3/3 - 2*n**2 - 6*n + 4. Let r(j) be the first derivative of i(j). What is the tens digit of r(3)?
2
Let q be (1/3 - 0) + (-15)/(-9). What is the units digit of ((-2)/q)/((-40)/(-41) - 1)?
1
Let p be 3 - 1 - (-20 - -27). Let o(c) = c**3 + 8*c**2 - 2*c - 6. What is the units digit of o(p)?
9
Let l(s) = 9*s**3 + s**2 + s + 1. Let n be l(-1). Let o = n + 11. Suppose 4*y - o*q - 72 = -2*q, 0 = -q. What is the tens digit of y?
1
Let g be (-7)/(11 + -4)*(0 - 0). Suppose g*s + 5*k = -3*s + 476, 2*s - 4*k = 354. What is the units digit of s?
7
Let g(z) = -42 - 3*z + 21 + z + 6. What is the units digit of g(-9)?
3
Let p(l) = l**3 - 6*l**2 - 1. Let w be p(6). What is the units digit of (w - 2) + 0 - -4?
1
Let y(m) be the first derivative of 30*m**2 + 3*m + 6. What is the hundreds digit of y(3)?
1
Let a(h) = -76*h**3 - 3*h**2 - 16*h - 26. What is the hundreds digit of a(-3)?
0
Let x be (-2 - (-2 + 1)) + 29. Let s = -14 + x. Suppose -2*n = 5*k - 145, -2*k + 5*n + s = -44. What is the units digit of k?
9
Suppose 0*v - 20 = -2*v. What is the units digit of v/2 - (-6 - -8) - -79?
2
Suppose 120*i - 498573 = 27627. What is the units digit of i?
5
Let g be 6/(-14) + 3*(-648)/(-28). Suppose g = 4*w - 427. What is the units digit of w?
4
Let k(x) = -x**3 + 11*x**2 - 11*x + 19. Let b be k(10). Suppose -240 = -b*z + 813. What is the hundreds digit of z?
1
Suppose -5*k = -2*u + 28, 4*k = -4*u + 6*k + 40. Suppose u*y = y + 424. What is the tens digit of y?
5
Let f = -65 - 33. Let a = 224 + f. What is the hundreds digit of a?
1
Let i = 244 - -76. Wha